ctors of 0 + -2 + s + -6 + 5.
2, 101
Suppose -3*w + 434 = -4*w + 2*v, -5*w - 2110 = 5*v. List the prime factors of (4/12 - 0)*w/(-2).
71
Suppose -2*w = -3*q + 3*w + 214, -w = 3*q - 202. Suppose 144*u = 135*u - 99. List the prime factors of (u/22)/((-2)/q).
17
List the prime factors of 1738 - (1/2 - 3/(-2)).
2, 7, 31
Suppose -2*m + 5*c + 30 = 0, -4*c + 9 = m - 5*c. Suppose b - m*t = -t - 26, 2*t - 48 = 4*b. Let v(n) = n**3 + 11*n**2 + 9*n + 5. List the prime factors of v(b).
3, 5
Let d = -40 - -46. Suppose -d*t + 142 = -14. What are the prime factors of t?
2, 13
Suppose 9 = 5*l - 6. Suppose -5*z - 58 = -l*k, 4*z + 0 = -2*k + 24. What are the prime factors of k?
2
Suppose -4*q + 15 = 5*t - 0*q, -2*t + 2*q = -6. List the prime factors of -5 + 3 + t + 1.
2
Let j = 1418 - 639. List the prime factors of j.
19, 41
Let n be 4974/15 - (-2)/5. Let m be 0/(5 - 6) - -76. Suppose 6*j - m = n. What are the prime factors of j?
2, 17
Let k(t) = -16*t + 367. What are the prime factors of k(-39)?
991
Let h(q) = -14*q + 31. What are the prime factors of h(-7)?
3, 43
Suppose 0*c + 8*c = 4288. List the prime factors of c.
2, 67
Let k(n) = 2*n**2 + 21*n - 44. Let r be -12 - (-1)/(6/(-24)). What are the prime factors of k(r)?
2, 3, 11
Let p(r) = 130*r**2 - 3*r - 12. List the prime factors of p(3).
3, 383
Suppose -4*n - 78 = -d, -13*n + 178 = 2*d - 10*n. List the prime factors of d.
2, 43
Suppose -3*f - y = 65, 2*f = 5*f - 4*y + 85. Suppose 0 = -4*d + 5*r - 3*r - 194, 10 = -2*r. Let c = f - d. What are the prime factors of c?
2, 7
Let x = 298 - 210. Suppose -4*i + 5*z = -x + 25, 4*z - 64 = -2*i. What are the prime factors of i?
2, 11
Let j(g) = 20*g - 31. Let n be (0 + 8)/2 - (-10 + -3). List the prime factors of j(n).
3, 103
Suppose -4*m = -7*m + 4*u + 28, 5*u - 73 = -3*m. Suppose -m*r - 408 = -20*r. What are the prime factors of r?
2, 3, 17
Suppose -3*t - 9 = -0*t. Let m be ((-4)/(-1) + t)*4. Suppose m*o - 128 = -0*o. List the prime factors of o.
2
Let f(r) = -r**3 + 2*r**2 - 6*r + 11. What are the prime factors of f(-7)?
2, 13, 19
Let c(a) = 41*a. Let v be c(1). List the prime factors of 2 + v - (-1 - 2).
2, 23
Let k be (-2 - -1) + 7 + 7. Suppose -5*a - f = -k, 3*f - 10 = a - f. Suppose -2*n = 4*w - 90, 3*w - 90 = -2*w + a*n. What are the prime factors of w?
2, 5
Let t(d) = d**2 - 28*d + 19. What are the prime factors of t(-20)?
11, 89
Suppose 14 = 2*g - 5*l + 3*l, -4*g + 3*l + 28 = 0. Let x = g + -3. Suppose x*j + 3*j - 126 = 0. What are the prime factors of j?
2, 3
Suppose g = -2*g + 48. Let l = g + -14. What are the prime factors of 760/55 - l/(-11)?
2, 7
Suppose 6*g = -21 - 141. What are the prime factors of (3 + (-16)/6)*g/(-1)?
3
Suppose -624 = -3*f - 3*k, 3*f + 5*k - 407 = f. Let w = -37 + f. List the prime factors of w.
2, 3, 29
Suppose 5*a + 3 = 28. Suppose 0 = a*q + 3*h - 8*h - 1500, q + h - 304 = 0. List the prime factors of q.
2, 151
Let w = 63 - 64. What are the prime factors of (-2)/((-312)/309 - w)?
2, 103
Suppose 8*o - 87 = 89. What are the prime factors of o?
2, 11
Suppose -l + 5*b - 92 = 0, -3*l - 115 - 145 = b. Let n = 41 - l. What are the prime factors of n?
2
Let h(s) = 3*s**2 + s - 9*s**2 - 1 + 5*s**2. Let y be h(1). Let n(b) = 13*b**2 + b. List the prime factors of n(y).
2, 3
Let v = 23 - 15. Suppose 4*i - v - 24 = 0. What are the prime factors of 26/i - (-3)/(-12)?
3
List the prime factors of (-7259)/(-17) - 1*-2.
3, 11, 13
Let g(r) = -4*r**2 + 218. List the prime factors of g(0).
2, 109
Let k(j) be the second derivative of j**5/20 + 2*j**4/3 + j**3/6 + 3*j**2 - 14*j. Let v be k(-8). Let p = 44 - v. What are the prime factors of p?
2, 23
Suppose 5*u - 2*o = 67, -68 = -4*u + 2*o - 4*o. Suppose 216 = 17*l - u*l. List the prime factors of l.
2, 3
Let f(h) = -h**3 - 10*h**2 - 11*h - 3. Let j be f(-9). Suppose x - 3*d - j = 0, -x + 16 = -4*d - 3. List the prime factors of -42*x*(-4)/12.
2, 3, 7
Let a(y) = y**3 - 15*y**2 + 5*y + 5. Let t be a(14). What are the prime factors of (-39)/(-52) + t/(-4)?
31
Suppose 4*f = -3*d + 105, -175 = 2*d - 7*d + 3*f. Suppose 0 = 17*w - 204 - 34. List the prime factors of 2*4*d/w.
2, 5
Let n = 3 + 6. Let a = -15 + 145. Suppose -n*g + a = -4*g. What are the prime factors of g?
2, 13
Let s(i) = -7*i**2 + 5*i + 10. Let b(c) = c**2 - c. Let f = -31 - -25. Let l(n) = f*b(n) - s(n). List the prime factors of l(6).
2
Let u be (29 - 25)*6/(-4). List the prime factors of 1/(5/(-45))*64/u.
2, 3
Let u(i) = 2*i**2 - 1. Let x be u(-1). Let w(v) = 2*v**2 - v + 2. List the prime factors of w(x).
3
Suppose -3*z + n + 9 = z, n - 7 = -4*z. Suppose 5*w = -z*j + 170, -j + w - 11 + 89 = 0. What are the prime factors of j?
2, 5
Let z = -6 - -2. Let h = z + 4. Let d = h + 31. List the prime factors of d.
31
Suppose 10*k - 38 = 12. List the prime factors of 5/(356/(-72) + k).
2, 3, 5
Let y = 15 - 13. Suppose 960 = y*h + 4*h. Suppose -4*b + h = b. What are the prime factors of b?
2
Let i = 696 + -479. What are the prime factors of i?
7, 31
What are the prime factors of 6 + 3/(-1) + 198*7?
3, 463
Let g(f) = -108*f**2 - 2*f + 1. Let m be g(1). Let t = 205 + m. List the prime factors of t.
2, 3
Let i = 185 - 77. Suppose -5*c + 5*o = -267 + 27, 2*o = -2*c + i. List the prime factors of c.
3, 17
What are the prime factors of 2/(-4)*(-49 + -7845)?
3947
Let h(m) be the first derivative of -m**4/4 + 2*m**3 + 8*m - 10. List the prime factors of h(5).
3, 11
Let n = 28 - 28. Suppose 2*t + r = -21, 4 = -4*r - n. What are the prime factors of -26*2/(8/t)?
5, 13
Let q be 3 + -3*2 + -1 + 7. List the prime factors of -107*(q - (-8)/(-2)) - 1.
2, 53
Let o(p) = p**3 - p**2 - 5*p - 3. Let u(q) = -q - 8. Let m be u(0). Let a = m + 12. What are the prime factors of o(a)?
5
Let y = -246 - -481. Let h = y - -18. What are the prime factors of h?
11, 23
Suppose 0 = 19*o - 17*o - 38. Suppose 252 = 4*i + z, 2*z = 4*i + o - 271. List the prime factors of i.
3, 7
Let o = 2129 + -81. List the prime factors of o.
2
Let u(p) = -p + 9. Let v be u(4). Let b(d) = 8 + d**2 - 6 + 9 + d. List the prime factors of b(v).
41
Let u = -6 + 8. Let z = u + -7. What are the prime factors of 1*16 - z/5?
17
Let r(z) be the first derivative of -3*z**2/2 + 3*z + 3. Let c be r(-15). What are the prime factors of c - (0 + -1 - -3)?
2, 23
Suppose -783 - 1105 = -2*n. List the prime factors of n.
2, 59
Let j(m) = -m**3 + 63*m**2 - 200*m + 15. What are the prime factors of j(59)?
3, 23, 31
List the prime factors of 1339 - ((8 - 6 - 5) + 4).
2, 3, 223
Let f = -404 + 859. What are the prime factors of f?
5, 7, 13
Let p = -840 + 480. What are the prime factors of (-3 + 1)*p/16?
3, 5
Suppose 5*x - 6554 - 5421 = -5*m, m = 5*x + 2389. List the prime factors of m.
2, 3, 7, 19
Let i(m) = -m**3 - 5*m**2 - 4. Let s be i(-5). Let d = 12 + s. What are the prime factors of (-2 - 0)/(d/(-36))?
3
Suppose g - 1719 = 35*u - 31*u, 5157 = 3*g - u. What are the prime factors of g?
3, 191
Let r(g) = g**2 - 13*g + 2. Let s = -10 - -23. Let f be r(s). Suppose 39 = h + 3*i, -f*i = -h + i + 9. List the prime factors of h.
2, 3
Let b(g) be the first derivative of 2*g**3/3 - 7*g**2/2 - 7*g + 5. Let p be b(7). Suppose 2*x + x - p = 0. List the prime factors of x.
2, 7
Suppose -2*r = -2*y - 3*r + 1, 0 = -3*y - 2*r - 1. Let i be (10/(-3))/(2/y). Let n = i - -14. What are the prime factors of n?
3
Let m(a) = 22*a**2 - 18*a - 183. What are the prime factors of m(-9)?
3, 587
What are the prime factors of 106482/74 + (-14)/(-259)?
1439
Suppose 2*t - 21 = 1. Suppose -24 = -t*p + 196. What are the prime factors of p?
2, 5
Suppose -64 = -r + 137. Suppose -3*j + 2*j + c = -197, -2*c - r = -j. List the prime factors of j.
193
List the prime factors of -4*(-46)/16*138.
3, 23
Let y(d) = -13*d**2 - 6*d - 2. Let l(u) = -13*u**2 - 5*u - 1. Let x(f) = 4*l(f) - 3*y(f). Let n be x(-2). Let b = -28 - n. List the prime factors of b.
2, 3
Suppose -1251 = -3*v + 3*l, -2*l = -3*v + 2*l + 1256. Let q = v - 262. What are the prime factors of q?
2, 3, 5
Let l = 9 - 5. Suppose -m = r - 6*r - 24, 0 = -4*m - l*r. Suppose -3*g = -0*g + 6, m*n + 4*g = 160. List the prime factors of n.
2, 3, 7
Let j(u) = u**2 + 52*u + 14. List the prime factors of j(8).
2, 13, 19
Let d(q) = q**3 + 3*q**2 - 5*q. Let x be d(-4). Suppose -1 = 5*o - 16, x*o = 2*f + 12.